0 + q))?
3
Let l(w) = 671*w - 3940. What is the tens digit of l(18)?
3
Let a(j) = j**2 + j. Let z be a(-2). Suppose 5*x - 25 = -3*p, -3*x - z*p + 26 = 2*p. Let w(r) = 20*r**3 + 2*r**2 - 5*r + 2. What is the units digit of w(x)?
0
Suppose -7*q + 37 = -40. Suppose 0 = 7*j - q*j + 2884. What is the tens digit of j?
2
Let l = -139 + 153. Let x(p) = 22*p + 1. Let f be x(1). Suppose -f - l = -j. What is the units digit of j?
7
Let g(f) = 2*f**3 - 5*f**2 + 22*f. Suppose 16 = -2*w + 36. What is the thousands digit of g(w)?
1
Suppose 44*y - 804878 = -74*y. What is the hundreds digit of y?
8
Suppose -234 = -2*g - 38. Suppose -49 = -3*r - 43. Suppose 0 = 3*t - 0*t - 3*i - 321, -t - r*i = -g. What is the hundreds digit of t?
1
Let b be 6/(-10) - (-3)/(15/23). Suppose -4*y - 24 + b = 0. What is the units digit of y*(-2)/4*(22 - 0)?
5
Let p be 1*(-1 + (-3 - -1)) - -36. Let l = -41 + p. What is the units digit of 1584/10 - (168/20 + l)?
8
Let r(n) = 5*n + 3. Let t be r(14). Let g = -16 + 86. Let d = t - g. What is the units digit of d?
3
Let z(m) = -7*m + 18. Let o be z(6). Let t = -20 - o. Suppose 0 = -t*c + 164 + 304. What is the hundreds digit of c?
1
Suppose 20 = -2*b + 24. Suppose -5*o - 458 = -q, -860 = -2*q - 2*o - b*o. What is the tens digit of q?
3
Let q = -10192 + 17327. What is the units digit of q?
5
Let p(m) = -3*m - 7. Let d(s) = -s + 1. Let z(k) = -2*d(k) + p(k). Let j be z(-12). Suppose j*g - g - 224 = 0. What is the units digit of g?
2
Suppose -127 = 17*y - 671. Let z = 50 - y. Suppose 224 = -z*u + 19*u. What is the hundreds digit of u?
2
Let l be (2/3)/(22/759). Suppose 5*o - 2032 - l = 0. What is the units digit of o/12 - 6/(-8)?
5
Let n(c) = 3*c**3 + c - 2. Let b be n(1). Suppose -b*a + 5 = -7*a - 5*h, 4*h + 4 = 4*a. Suppose a = 14*i + 11 - 25. What is the units digit of i?
1
Suppose 42*h - 273502 = 24614. What is the thousands digit of h?
7
Let t = 4 - 7. Let r(y) = -60*y - 7. Let d(k) = 184*k + 23. Let v(s) = 2*d(s) + 7*r(s). What is the units digit of v(t)?
3
Suppose 3*w + 2 = 5*p - 4, 0 = -3*w + 3*p. What is the tens digit of 3736/16 + -8 + w/(-2)?
2
Let f(w) = 815*w**2 + 38*w + 74. What is the thousands digit of f(-4)?
2
Let d(j) = 3*j**2 - 3*j - 27. Let v be d(4). Suppose -v*k - 3*c = -13*k + 2222, 0 = -5*k - c + 2768. What is the hundreds digit of k?
5
Suppose -241 - 351 = -2*l. Let g = l - -97. What is the units digit of g?
3
Let g(w) = 51*w - 42. Let r be g(-9). What is the units digit of (-2 - -1)/(1/r)?
1
Let x(h) be the first derivative of -h**4/4 - 22*h**3/3 + 6*h - 10. Let l be x(-22). What is the units digit of 2*(l - 0/(6 - 3))?
2
Let v(m) = 3*m**2 + 3*m - 12. Let c be v(-3). Let h(w) = 2*w**3 + 5*w**2 - 18*w + 35. What is the hundreds digit of h(c)?
5
Let i = -40 - -52. Let l be 33/7 - i/(-42). Suppose -41 = -4*v + 3*w + 139, 0 = -l*w. What is the units digit of v?
5
Let c = 100390 - 41218. What is the tens digit of c?
7
Suppose 515*f - 512*f = 864. Suppose f = 2*y - 152. What is the tens digit of y?
2
Let j(i) = -37*i - 17. Let m be j(-3). Let t = m - -186. What is the units digit of t?
0
Suppose 25*b = 23*b + j + 33443, -16732 = -b - 3*j. What is the ten thousands digit of b?
1
Suppose -3*b - 2*v + 8494 = 0, 2*b - 8500 = -b + 4*v. Let a = 4297 - b. What is the units digit of a?
5
Let q(b) = -3*b + 26. Let w be q(7). Suppose 4*s - 6 = k + 5, w*k - 41 = -4*s. Suppose -213 = -8*j + k*j. What is the units digit of j?
1
Let p be (-28)/42 - 340/(-6). Let j = p - 9. Suppose -277 - j = -9*o. What is the units digit of o?
6
Suppose -104 = -4*h - 2*m, 4*h - 8*h = -5*m - 104. Suppose 28*c = h*c + 10, 3*g + 5*c - 3775 = 0. What is the tens digit of g?
5
Let f be -4 + (-29)/(-2)*2. Let t(a) = -f*a - 12*a + 2*a - 1. What is the tens digit of t(-1)?
3
Let j be 2433/9 - (0 + (-4)/(-3)). Suppose j = y - 332. What is the tens digit of y?
0
Let w(m) = m**3 - 3*m**2 + 29904. What is the tens digit of w(0)?
0
Suppose 3*r - 6*l + 4*l = 4633, -2*r = -2*l - 3090. Suppose -2*h = -j + r, -2*h - 3157 = -2*j - 65. What is the hundreds digit of j?
5
Suppose -65 = 13*a + 91. What is the units digit of 4/a*(2 - 2348)?
2
Let x be 76/57*(-3)/2. Let w(l) = -2*l**3 + 5*l**2 + 2*l - 1. Let o be w(x). Let k = o - -1. What is the tens digit of k?
3
Let o(f) = 1305*f**2 - 277*f + 1404. What is the thousands digit of o(5)?
2
Let g = -407 - -1487. Let c = 1660 - g. Suppose -10*p + c = -0*p. What is the tens digit of p?
5
Suppose 4*q - 670 = -q. Suppose 3*p - 34 = -5*i, 18*p = 16*p + 3*i + 10. What is the units digit of q/(-4)*p/(-9 + 5)?
7
What is the units digit of (661 - 659)*((-1)/4)/(2/(-31468))?
7
Let n = -75 + 75. Suppose -5*r + 2*m + 914 = -2*m, -5*r - 5*m + 950 = n. Suppose -r = -d - 6. What is the units digit of d?
0
Let f(j) = -j**3 - 5*j**2 + 3*j - 17. Let m be f(-7). Let c = -62 + m. What is the tens digit of c + -2 + (94 - 5)?
8
Let b(w) = 187*w**2 - 19*w - 1. What is the units digit of b(-5)?
9
What is the hundreds digit of ((81/12)/3)/(-3 + 82280/27424)?
7
What is the thousands digit of 9408 + -1 - (-148 + 163)?
9
Let t(f) = -4*f - 74. Let w be t(-19). Suppose w*x + 11*x - 884 = 0. What is the units digit of x?
8
Suppose 2*l - 4*p + 34 = -0, -4*p + 61 = -5*l. Let i(s) = -68*s - 97. What is the tens digit of i(l)?
1
Let y(x) = 25*x - 38. Let f be y(7). Suppose -4*w + 15 = 2*b - 65, -88 = -2*b - 2*w. Let o = f - b. What is the units digit of o?
9
What is the tens digit of -10*22894/(-25)*10/8?
4
Let c = 17 + 1142. What is the thousands digit of c?
1
What is the tens digit of (-96)/15*4/8*(-4030 - 5)?
1
Suppose 2*s = -3*b + 3678, -4*s + 7374 = -8*b + 5*b. Let y = s - 1164. What is the tens digit of y?
7
What is the thousands digit of 7/((-98)/4) + 763538/119?
6
Suppose 4*k + 11974 = 4*b - 14106, -2*b - 2*k + 13060 = 0. Suppose -650 = -7*x + b. What is the thousands digit of x?
1
Suppose -5*s - k - 44 = -60, 3*s - k = 16. What is the units digit of (-387)/s*(-12)/(-3)*-2?
4
Suppose -18306 = -2*a + o, 4*o - 2*o - 4 = 0. What is the tens digit of a?
5
What is the tens digit of (4 + (-26)/6)*-184227?
0
What is the hundreds digit of 42/(-490) + 6/21 - 19628/(-10)?
9
Let q(m) = -2*m**3 + m**2 + 4*m. Let b = 23 + -28. Let p be q(b). Suppose 0 = 5*x - 70 - p. What is the units digit of x?
5
Let c(x) = -6*x**2 + 18*x - 3. Let b(v) = 1. Let g(f) = -f - 3. Let u(q) = 4*b(q) + g(q). Let o(i) = -c(i) - 6*u(i). What is the tens digit of o(-4)?
4
Let h be 8/1 + -4 + 22. Suppose 11949 = h*u - 7889. What is the hundreds digit of u?
7
Let q be (0/12 - -1)*8. Let v(k) be the third derivative of -k**6/120 + 7*k**5/60 + k**4/3 + 5*k**3/3 - k**2. What is the tens digit of v(q)?
1
Suppose 3*g = -5*x, 0 = 20*g - 15*g + 3*x. Suppose g = 5*v + 4*h - 151, -3*h + 59 + 7 = 2*v. What is the units digit of v?
7
Let y = 8890 - 4563. What is the units digit of y?
7
Let w(i) = -310*i - 821. What is the tens digit of w(-32)?
9
Suppose -88398 = -3*w + 5*o - 24240, -5*w + 106892 = -2*o. What is the tens digit of w?
7
Let b be 23/((-161)/(-14)) + (-230)/1. What is the units digit of b*((-27)/162)/(1/33)?
4
Let y(q) = -6*q + 109. Let j be y(0). Let h = j - -1216. What is the tens digit of h?
2
Let x(i) = -39*i**3 + 4*i**2 + 2*i - 1. Let m be x(-2). Let a = m + -206. What is the hundreds digit of a?
1
What is the units digit of (-5524)/(-1) + 3/(27/(-63))?
7
Suppose 4*f - 5*a - 10 = 0, -10 = -4*f - 5*a + 20. Let k(m) = 16*m - 36. What is the tens digit of k(f)?
4
Let m(n) = 4*n**2 - 3*n + 50. Suppose 5*v + j = 37, j - 2 = -0. What is the hundreds digit of m(v)?
2
Let y(i) = 46*i**2 + 21*i - 5. What is the tens digit of y(11)?
9
Suppose 0 = -3*i - i + 72. Suppose i*o = 22*o - 1432. What is the hundreds digit of o?
3
Suppose -3*h = -o + 1600, -4*o - o - 4*h = -8095. Suppose -8*y + o = -513. What is the units digit of y?
6
Suppose -3*z + 605514 = 9*z + 2*z. What is the units digit of z?
1
Suppose 0 = -c + 5*n + 3852, 2*n = -142*c + 138*c + 15518. What is the tens digit of c?
7
Let z = 9 - 6. Let f(x) = -23 - 210*x - 172*x + 454*x. What is the units digit of f(z)?
3
Let l = -630 - -632. Suppose 5*o - 3*w - 6521 + 790 = 0, -5746 = -5*o - l*w. What is the thousands digit of o?
1
Let u(p) = p**3 - p**2 + 2. Let n be u(2). Let r(a) = a**3 - 6*a**2 + 2*a - 9. Let l be r(n). Suppose 42 - l = 